0362. List the prime factors of r.
2, 17, 47
Let q = 2268 + -1595. Suppose 0 = r + 3*y - q, r + y = -0*r + 683. List the prime factors of r.
2, 43
Let l be 16 + -10 + 0*3/(-12). Suppose -l*h + 2167 = 337. What are the prime factors of h?
5, 61
Let s(f) = -3*f**2 + 16*f - 12. Let u be s(4). List the prime factors of 548 + (-2)/1 + u.
2, 5, 11
Let h = 2176 + -1909. What are the prime factors of h?
3, 89
Suppose -224*k = 1647560 - 8633896. What are the prime factors of k?
31189
Let s = 14855 + -8258. List the prime factors of s.
3, 733
Let j be -1 + 3 + -1 + 50. Let r(p) = -6 + 14*p**3 + 7 - 3*p**2 + 2*p**2 + j*p**3. What are the prime factors of r(1)?
5, 13
Let i = 123 - 105. Let w(f) = 4*f - 66. Let k be w(i). List the prime factors of k/(-1)*(-56 + 22).
2, 3, 17
Suppose -16819681 = -64*c - 129*c - 120*c. What are the prime factors of c?
17, 29, 109
Suppose -4*i + 2*i - 5*g = -55, 0 = i - 2*g - 32. Suppose 92 - i = 2*j. What are the prime factors of j?
31
Suppose -3*v + 1962 = 5*i, 0 = -2*v + i - 737 + 2032. What are the prime factors of v?
11, 59
Suppose -23*m = 6896 + 3776. Let g = -277 - m. What are the prime factors of g?
11, 17
Let i = 1752 + 3355. List the prime factors of i.
5107
Let t(k) = -2183*k + 338. List the prime factors of t(-2).
2, 3, 7
Let s = 27262 - 12804. What are the prime factors of s?
2, 7229
Let u = -4600 - -6155. What are the prime factors of u?
5, 311
Suppose -4*q + 9427 = 5*f - 40886, -18*f + 5*q = -181088. What are the prime factors of f?
10061
Let t = -1394 + 2469. Suppose -t = -4*h + 3*m, -m - 89 = h - 363. What are the prime factors of h?
271
Let p(l) = -22*l - 18*l - 9 + 13*l**2 + 42*l + l**2. What are the prime factors of p(-5)?
331
Suppose -2 - 4 = -3*x. Suppose a + x*l = 8, -5*a + 4*l - 3 = -1. Suppose -2*g = h - 52, a*g + h - 77 = -g. What are the prime factors of g?
5
Suppose r = 3*r - 14. Let w(f) = 6*f**2 - 3*f - 24. Let k be w(r). Suppose 0 = -2*m + 2*y + 140, -5*m - y + k = -95. List the prime factors of m.
3, 23
Let k = 16764 + -9544. What are the prime factors of k?
2, 5, 19
Suppose -5*j - j - 9780 = 0. List the prime factors of 1*j/(-6)*3.
5, 163
Let d(r) = -1986*r**3 - 12*r - 12. Let b be d(-1). Suppose -3*l + b = 3*x, 4*l + 0*l + 3*x - 2649 = 0. What are the prime factors of l?
3, 13, 17
Let v = 474 - 135. Suppose 5*s - 343 = 18*f - 20*f, v = 2*f + s. List the prime factors of f.
13
Let d(j) = -258*j + 3039. What are the prime factors of d(-69)?
3, 6947
Let o(l) = 31*l - 67. Suppose 0*c - 4*c + 5*k + 29 = 0, 2*k = c - 5. List the prime factors of o(c).
2, 137
Let m(o) be the third derivative of o**6/60 - o**5/60 - o**4/24 - 7*o**3/3 + o**2 - 14*o. List the prime factors of m(6).
2, 47
Let l(a) = 2*a**2 + 11*a + 15. Let q be l(-5). Suppose -q*x + 2286 = -7354. List the prime factors of x.
2, 241
Let v = -43 - -64. Suppose v*k - 24*k + 3114 = 0. List the prime factors of k.
2, 3, 173
Suppose -406 + 119 = 2*k + r, -2*k + r - 293 = 0. Let x = -50 - 48. Let w = x - k. What are the prime factors of w?
47
Let v(n) = -65*n + 2. Let o be v(1). Let z = o - -68. Suppose 0 = -0*d + z*d - 665. What are the prime factors of d?
7, 19
Let j(d) = 156*d**2 + 52*d - 362. What are the prime factors of j(6)?
2, 11, 23
Let t(k) = -k**2 - 10*k + 3. Let g be t(-10). Suppose 0 = -5*c + 3*s + 215, c - g*c - 5*s + 117 = 0. Let o = c - -1. List the prime factors of o.
47
Let x be (-50)/(-70) + (-4)/(-14). List the prime factors of x + 2/(-4)*8 - -216.
3, 71
Let p(x) be the second derivative of -x**4/3 - 4*x**3/3 + x**2/2 + 23*x. Let o be p(-6). Let i = -20 - o. List the prime factors of i.
3, 5
Let w be (-85)/(-17) + 0 + 2540. Suppose 0 = 79*j - 74*j - 2*f - w, j - 531 = -4*f. List the prime factors of j.
7, 73
Suppose 4*c + 2*f - 6902 = 0, 4*f = -2*c + 2329 + 1107. What are the prime factors of c?
2, 3
List the prime factors of ((-203)/28 + 7)*(-15560 + -4).
3, 1297
Let n(m) be the third derivative of -m**6/120 - m**5/10 - m**4/8 - 5*m**3/2 - 458*m**2 - 2*m. Suppose 3*s + 13 = -5. List the prime factors of n(s).
3
Suppose 0 = 3*s + 4*o - 188, -3*s + 0*o + 153 = -3*o. Suppose 5*n - 24 - s = 0. Suppose -12*q = -n*q + 340. What are the prime factors of q?
5, 17
Suppose -1915397 = 859*z - 996*z. List the prime factors of z.
11, 31, 41
What are the prime factors of 2*(-1 - (-128470)/20)?
5, 7, 367
Suppose 0 = -2*g + 5624 + 864. What are the prime factors of g?
2, 811
Let i = 15443 + -9560. What are the prime factors of i?
3, 37, 53
Let l(j) = -j**3 - j**2 + j + 1. Let z(y) = 957*y**3 + 2*y**2 + y + 1. Let w(h) = -2*l(h) - z(h). List the prime factors of w(-1).
5, 191
Suppose 0 = -2*u + 9*f + 71485, -f = 7*u - 12*u + 178562. What are the prime factors of u?
13, 41, 67
Let o(g) be the second derivative of -153*g**5/20 + g**4/12 - g**2/2 + 100*g + 1. What are the prime factors of o(-1)?
3, 17
What are the prime factors of (99/11 - 11) + 5078?
2, 3, 47
Suppose -2*k + 2*p = 3*p - 115, -4*p = 12. Suppose -8*h + k = 19. Suppose 5*f = -2*s - 0*s + 383, -f + 95 = h*s. List the prime factors of f.
3, 5
Let r = -15788 + 27588. List the prime factors of r.
2, 5, 59
Suppose -18*p + 21*p = 24. Suppose -p*y - 11 = -2571. List the prime factors of y.
2, 5
Let x(q) be the third derivative of q**6/120 + 2*q**5/15 - 5*q**4/4 - 7*q**3/2 - 66*q**2. What are the prime factors of x(-7)?
2, 7, 17
Let i(t) = t**3 + 9*t**2 - 11*t + 19. Suppose 52*m - 47*m - 30 = 0. List the prime factors of i(m).
17, 29
Suppose 4*t = -20, -58*t + 55*t = 3*m - 40710. What are the prime factors of m?
3, 5, 181
Let t(h) = -28*h - 25. Let u(p) = -52*p - 47. Let f(v) = -11*t(v) + 6*u(v). Let d be 4/10 + (-27)/5. What are the prime factors of f(d)?
13
Let s = 8738 + -1215. What are the prime factors of s?
7523
Let s be -180 + 186 - (-1)/(1/14). List the prime factors of s/15*(-5481)/6*-1.
2, 3, 7, 29
Let p(a) = 1791*a + 997. What are the prime factors of p(4)?
8161
Let v(c) = 3*c**2 - 7*c - 86. Let z(j) = -j + 3. Let f be z(13). What are the prime factors of v(f)?
2, 71
Suppose -74 = 4*s - 3*f, 2*s + 10 = -3*f - 36. Let d = s + 336. What are the prime factors of d?
2, 79
Let h(j) = -40*j**3 - 5*j**2 - 4*j - 51. What are the prime factors of h(-4)?
3, 5, 163
Suppose 9653 = -0*j + 3*j - 2*u, 0 = -4*j - 4*u + 12884. List the prime factors of j.
3, 29, 37
Let p(k) = 130*k**2 + 4*k + 14. Let t be p(-2). Let i = t + -505. List the prime factors of i.
3, 7
Suppose 4*n - 110 = 5*l - n, 25 = -l + 4*n. Let x be ((-2)/3)/(7/l). What are the prime factors of (x + 328/(-6))*(-8 - -5)?
2, 79
Let z(l) be the first derivative of -2*l**3/3 - 53*l**2/2 - 15*l - 1. List the prime factors of z(-24).
3, 5, 7
Let q(x) be the first derivative of 364*x**3/3 + 2*x**2 - x + 22. What are the prime factors of q(1)?
367
Suppose 0 = -3*l + 2*l. Suppose d = y + 94, l*d = -2*d - y + 200. Suppose 0 = -5*j + d + 247. List the prime factors of j.
3, 23
Let a be 9/6*-2*(-1 - -2). List the prime factors of (1/a + 1)*9*179.
2, 3, 179
Let h(l) = 7*l**2 - 397*l + 395. List the prime factors of h(85).
5, 13, 53
List the prime factors of (-10 - -2) + 7 + (-4)/1 + 28435.
2, 5, 2843
Suppose -32*v = 11*v + 4*v - 437852. What are the prime factors of v?
2, 17, 137
Let x(s) be the second derivative of -14*s**3/3 + 31*s**2/2 - 2*s + 4. Let o be x(-13). Suppose 0 = -3*d + 499 + o. List the prime factors of d.
2, 149
Let d(z) = 13*z**2 - 281*z - 7676. List the prime factors of d(-26).
2, 3, 23, 61
Suppose 84381 = -35*u + 340968 + 19178. What are the prime factors of u?
7879
Suppose 0 = q + 4*q + u + 310, u = -q - 66. Let c = -61 - q. Suppose c = -5*l + 256 + 204. List the prime factors of l.
2, 23
Let t(d) = 1792*d**2 - d - 3. Let x be t(-1). Suppose 0 = 6*u - u + 3*q - 2236, -4*u - 2*q = -x. List the prime factors of u.
449
Let r(w) = -w**3 - 21*w**2 - 23*w - 27. Let j be r(-20). Let o be (0 - 2) + (-11)/(j/(-438)). Let m = o - 62. What are the prime factors of m?
2, 41
Suppose -759232 - 548508 = -28*u. List the prime factors of u.
5, 9341
Let a = 45 + -40. Suppose 0*q - 5*x = -4*q + 40, -5*q + a*x = -50. Suppose -6*n + 70 = q. What are the prime factors of n?
2, 5
Let g(d) = 11*d**3 + d**2 + 2*d - 2. Let z be g(1). Suppose -z*t = -698 - 4174. What are the prime factors of t?
2, 7, 29
Suppose 5*x = 3*z - 14666, -3*z + 3*x